{"id":60,"date":"2021-09-01T09:42:24","date_gmt":"2021-09-01T09:42:24","guid":{"rendered":"https:\/\/www.ac-s.cz\/?page_id=60"},"modified":"2021-09-21T14:49:19","modified_gmt":"2021-09-21T14:49:19","slug":"nase-sluzby","status":"publish","type":"page","link":"https:\/\/www.ac-s.cz\/index.php\/nase-sluzby\/","title":{"rendered":"Na\u0161e slu\u017eby"},"content":{"rendered":"<p>[et_pb_section fb_built=&#8220;1&#8243; _builder_version=&#8220;4.10.5&#8243; _module_preset=&#8220;default&#8220; custom_padding=&#8220;30px||0px||false|false&#8220; global_colors_info=&#8220;{}&#8220;][et_pb_row _builder_version=&#8220;4.10.5&#8243; _module_preset=&#8220;default&#8220; custom_padding=&#8220;30px||||false|false&#8220; global_colors_info=&#8220;{}&#8220;][et_pb_column type=&#8220;4_4&#8243; _builder_version=&#8220;4.10.5&#8243; _module_preset=&#8220;default&#8220; global_colors_info=&#8220;{}&#8220;][et_pb_text _builder_version=&#8220;4.10.5&#8243; _module_preset=&#8220;default&#8220; header_2_font=&#8220;Calibri nadpisy|||on|||||&#8220; header_2_text_color=&#8220;#000000&#8243; header_2_font_size=&#8220;35px&#8220; custom_margin=&#8220;||1px|||&#8220; global_colors_info=&#8220;{}&#8220;]<\/p>\n<h2>Na\u0161e slu\u017eby<\/h2>\n<p>[\/et_pb_text][et_pb_divider color=&#8220;#E02B20&#8243; _builder_version=&#8220;4.10.5&#8243; _module_preset=&#8220;default&#8220; width=&#8220;64%&#8220; global_colors_info=&#8220;{}&#8220;][\/et_pb_divider][\/et_pb_column][\/et_pb_row][\/et_pb_section][et_pb_section fb_built=&#8220;1&#8243; _builder_version=&#8220;4.10.5&#8243; _module_preset=&#8220;default&#8220; custom_padding=&#8220;0px||0px|||&#8220; global_colors_info=&#8220;{}&#8220;][et_pb_row _builder_version=&#8220;4.10.5&#8243; _module_preset=&#8220;default&#8220; global_colors_info=&#8220;{}&#8220;][et_pb_column type=&#8220;4_4&#8243; _builder_version=&#8220;4.10.5&#8243; _module_preset=&#8220;default&#8220; global_colors_info=&#8220;{}&#8220;][et_pb_tabs active_tab_text_color=&#8220;#000000&#8243; module_class=&#8220;vertical-tabs2&#8243; _builder_version=&#8220;4.10.5&#8243; _module_preset=&#8220;default&#8220; tab_text_color=&#8220;#000000&#8243; body_font=&#8220;Calibri nadpisy||||||||&#8220; body_text_align=&#8220;left&#8220; body_text_color=&#8220;#000000&#8243; body_font_size=&#8220;15px&#8220; body_ul_position=&#8220;inside&#8220; body_ul_item_indent=&#8220;50px&#8220; tab_font=&#8220;Calibri nadpisy|200|||||||&#8220; tab_font_size=&#8220;18px&#8220; global_colors_info=&#8220;{}&#8220;][et_pb_tab title=&#8220;Komplexn\u00ed veden\u00ed \u00fa\u010detnictv\u00ed&#8220; _builder_version=&#8220;4.10.5&#8243; _module_preset=&#8220;default&#8220; global_colors_info=&#8220;{}&#8220;]<\/p>\n<ul>\n<li style=\"font-weight: 400;\" aria-level=\"1\"><span style=\"font-weight: 400;\">vystaven\u00ed prvotn\u00edch \u00fa\u010detn\u00edch doklad\u016f<\/span><\/li>\n<li style=\"font-weight: 400;\" aria-level=\"1\"><span style=\"font-weight: 400;\">kontrola n\u00e1le\u017eitosti \u00fa\u010detn\u00edch doklad\u016f a jejich likvidace<\/span><\/li>\n<li style=\"font-weight: 400;\" aria-level=\"1\"><span style=\"font-weight: 400;\">veden\u00ed v\u0161ech z\u00e1konem stanoven\u00fdch \u00fa\u010detn\u00edch knih a evidenc\u00ed<\/span><\/li>\n<li style=\"font-weight: 400;\" aria-level=\"1\"><span style=\"font-weight: 400;\">evidence majetku a z\u00e1sob<\/span><\/li>\n<li style=\"font-weight: 400;\" aria-level=\"1\"><span style=\"font-weight: 400;\">zpracov\u00e1n\u00ed v\u00fdkazu zisk\u016f a ztr\u00e1t a rozvahy<\/span><\/li>\n<li style=\"font-weight: 400;\" aria-level=\"1\"><span style=\"font-weight: 400;\">kontrola \u00fahrad p\u0159ijat\u00fdch a vydan\u00fdch faktur v\u010detn\u011b vyhotoven\u00ed upom\u00ednek v n\u00e1vaznosti na \u00fa\u010detnictv\u00ed (podvojn\u00e9 \u00fa\u010detnictv\u00ed)<\/span><\/li>\n<li style=\"font-weight: 400;\" aria-level=\"1\"><span style=\"font-weight: 400;\">zpracov\u00e1n\u00ed \u0159\u00e1dn\u00e9 a mimo\u0159\u00e1dn\u00e9 \u00fa\u010detn\u00ed z\u00e1v\u011brky\u00a0<\/span><\/li>\n<li style=\"font-weight: 400;\" aria-level=\"1\"><span style=\"font-weight: 400;\">zpracov\u00e1n\u00ed p\u0159izn\u00e1n\u00ed DPH, souhrnn\u00e9ho a kontroln\u00edho hl\u00e1\u0161en\u00ed<\/span><\/li>\n<li style=\"font-weight: 400;\" aria-level=\"1\"><span style=\"font-weight: 400;\">zastupov\u00e1n\u00ed na \u00fa\u0159adech (finan\u010dn\u00ed \u00fa\u0159ad, spr\u00e1va soci\u00e1ln\u00edho zabezpe\u010den\u00ed, zdravotn\u00ed poji\u0161\u0165ovny)<\/span><\/li>\n<\/ul>\n<p>[\/et_pb_tab][et_pb_tab title=&#8220;Zpracov\u00e1n\u00ed da\u0148ov\u00e9 evidence&#8220; _builder_version=&#8220;4.10.5&#8243; _module_preset=&#8220;default&#8220; global_colors_info=&#8220;{}&#8220;]<\/p>\n<ul>\n<li style=\"font-weight: 400;\" aria-level=\"1\"><span style=\"font-weight: 400;\">da\u0148ov\u00e1 evidence (jednoduch\u00e9 \u00fa\u010detnictv\u00ed) p\u0159edan\u00fdch \u00fa\u010detn\u00edch doklad\u016f a veden\u00ed v\u0161ech z\u00e1konem stanoven\u00fdch \u00fa\u010detn\u00edch knih a evidenc\u00ed<\/span><\/li>\n<li style=\"font-weight: 400;\" aria-level=\"1\"><span style=\"font-weight: 400;\">kontrola \u00fahrad p\u0159ijat\u00fdch a vydan\u00fdch faktur v da\u0148ov\u00e9 evidenci (jednoduch\u00e9 \u00fa\u010detnictv\u00ed) v\u010detn\u011b vyhotoven\u00ed upom\u00ednek v n\u00e1vaznosti na da\u0148ovou evidenci (jednoduch\u00e9 \u00fa\u010detnictv\u00ed)<\/span><\/li>\n<li style=\"font-weight: 400;\" aria-level=\"1\"><span style=\"font-weight: 400;\">zpracov\u00e1n\u00ed \u0159\u00e1dn\u00e9 a mimo\u0159\u00e1dn\u00e9 da\u0148ov\u00e9 z\u00e1v\u011brky v da\u0148ov\u00e9 evidenci (jednoduch\u00e9 \u00fa\u010detnictv\u00ed)<\/span><\/li>\n<li style=\"font-weight: 400;\" aria-level=\"1\"><span style=\"font-weight: 400;\">zpracov\u00e1n\u00ed \u00fa\u010detn\u00edch p\u0159ehled\u016f pro spr\u00e1vu soci\u00e1ln\u00edho zabezpe\u010den\u00ed a zdravotn\u00ed poji\u0161\u0165ovnu<\/span><\/li>\n<li style=\"font-weight: 400;\" aria-level=\"1\"><span style=\"font-weight: 400;\">zpracov\u00e1n\u00ed \u00fa\u010detn\u00edch sm\u011brnic Va\u0161\u00ed firmy pro da\u0148ovou evidenci (jednoduch\u00e9 \u00fa\u010detnictv\u00ed)<\/span><\/li>\n<li style=\"font-weight: 400;\" aria-level=\"1\"><span style=\"font-weight: 400;\">zastupov\u00e1n\u00ed na \u00fa\u0159adech (finan\u010dn\u00ed \u00fa\u0159ad, spr\u00e1va soci\u00e1ln\u00edho zabezpe\u010den\u00ed, zdravotn\u00ed poji\u0161\u0165ovny)<\/span><\/li>\n<\/ul>\n<p>[\/et_pb_tab][et_pb_tab title=&#8220;P\u0159\u00edprava da\u0148ov\u00e9ho p\u0159izn\u00e1n\u00ed&#8220; _builder_version=&#8220;4.10.5&#8243; _module_preset=&#8220;default&#8220; global_colors_info=&#8220;{}&#8220;]<\/p>\n<ul>\n<li style=\"font-weight: 400;\" aria-level=\"1\"><span style=\"font-weight: 400;\">da\u0148 z p\u0159idan\u00e9 hodnoty,\u00a0 souhrnn\u00e9 a kontroln\u00ed hl\u00e1\u0161en\u00ed<\/span><\/li>\n<li style=\"font-weight: 400;\" aria-level=\"1\"><span style=\"font-weight: 400;\">da\u0148 z p\u0159\u00edjmu pr\u00e1vnick\u00fdch osob<\/span><\/li>\n<li style=\"font-weight: 400;\" aria-level=\"1\"><span style=\"font-weight: 400;\">da\u0148 z p\u0159\u00edjmu fyzick\u00fdch osob<\/span><\/li>\n<li style=\"font-weight: 400;\" aria-level=\"1\"><span style=\"font-weight: 400;\">da\u0148 vyb\u00edran\u00e1 sr\u00e1\u017ekou<\/span><\/li>\n<li style=\"font-weight: 400;\" aria-level=\"1\"><span style=\"font-weight: 400;\">da\u0148 silni\u010dn\u00ed<\/span><\/li>\n<li style=\"font-weight: 400;\" aria-level=\"1\"><span style=\"font-weight: 400;\">da\u0148 z nemovitosti<\/span><\/li>\n<\/ul>\n<p>[\/et_pb_tab][et_pb_tab title=&#8220;Mzdy a personalistika&#8220; _builder_version=&#8220;4.10.5&#8243; _module_preset=&#8220;default&#8220; global_colors_info=&#8220;{}&#8220;]<\/p>\n<ul>\n<li style=\"font-weight: 400;\" aria-level=\"1\"><span style=\"font-weight: 400;\">m\u011bs\u00ed\u010dn\u00ed zpracov\u00e1n\u00ed mezd mal\u00e9 organizace (do 25 zam\u011bstnanc\u016f)<\/span><\/li>\n<li style=\"font-weight: 400;\" aria-level=\"1\"><span style=\"font-weight: 400;\">v\u00fdplatn\u00ed p\u00e1sky, rekapitulace odvod\u016f zdravotn\u00edho a soci\u00e1ln\u00edho poji\u0161t\u011bn\u00ed<\/span><\/li>\n<li style=\"font-weight: 400;\" aria-level=\"1\"><span style=\"font-weight: 400;\">vystaven\u00ed p\u0159\u00edkaz\u016f k \u00fahrad\u011b<\/span><\/li>\n<li style=\"font-weight: 400;\" aria-level=\"1\"><span style=\"font-weight: 400;\">p\u0159ihl\u00e1\u0161ky a odhl\u00e1\u0161ky na zdravotn\u00ed poji\u0161\u0165ovny a spr\u00e1vu soci\u00e1ln\u00edho zabezpe\u010den\u00ed<\/span><\/li>\n<li style=\"font-weight: 400;\" aria-level=\"1\"><span style=\"font-weight: 400;\">zpracov\u00e1n\u00ed eviden\u010dn\u00edch list\u016f<\/span><\/li>\n<li style=\"font-weight: 400;\" aria-level=\"1\"><span style=\"font-weight: 400;\">ro\u010dn\u00ed z\u00fa\u010dtov\u00e1n\u00ed dan\u011b z p\u0159\u00edjmu pro zam\u011bstnance, ro\u010dn\u00ed v\u00fdkazy pro finan\u010dn\u00ed \u00fa\u0159ad<\/span><\/li>\n<li style=\"font-weight: 400;\" aria-level=\"1\"><span style=\"font-weight: 400;\">registrace na \u00fa\u0159adech spr\u00e1vy soci\u00e1ln\u00edho zabezpe\u010den\u00ed, zdravotn\u00edch poji\u0161\u0165ovn\u00e1ch a finan\u010dn\u00edm \u00fa\u0159adu<\/span><\/li>\n<li style=\"font-weight: 400;\" aria-level=\"1\"><span style=\"font-weight: 400;\">evidence v\u00fddeje stravenek, v\u00fdpo\u010det n\u00e1roku na stravenky<\/span><\/li>\n<li style=\"font-weight: 400;\" aria-level=\"1\"><span style=\"font-weight: 400;\">odvody dan\u011b vyb\u00edran\u00e9 zvl\u00e1\u0161tn\u00ed sazbou z mezd v\u010detn\u011b ro\u010dn\u00edho vy\u00fa\u010dtov\u00e1n\u00ed dan\u011b<\/span><\/li>\n<li style=\"font-weight: 400;\" aria-level=\"1\"><span style=\"font-weight: 400;\">vyhotovov\u00e1n\u00ed potvrzen\u00ed o zam\u011bstn\u00e1n\u00ed a mzdov\u00fdch p\u0159\u00edjmech pro zam\u011bstnance<\/span><\/li>\n<li style=\"font-weight: 400;\" aria-level=\"1\"><span style=\"font-weight: 400;\">zastupov\u00e1n\u00ed na \u00fa\u0159adech (finan\u010dn\u00ed \u00fa\u0159ad, spr\u00e1va soci\u00e1ln\u00edho zabezpe\u010den\u00ed, zdravotn\u00ed poji\u0161\u0165ovny)<\/span><\/li>\n<\/ul>\n<p>[\/et_pb_tab][et_pb_tab title=&#8220;Likvidace obchodn\u00ed spole\u010dnosti&#8220; _builder_version=&#8220;4.10.5&#8243; _module_preset=&#8220;default&#8220; global_colors_info=&#8220;{}&#8220;]<\/p>\n<p><span style=\"font-weight: 400;\">Kompletn\u00ed zaji\u0161t\u011bn\u00ed likvidace obchodn\u00ed spole\u010dnosti, p\u0159edstavuj\u00edc\u00ed pr\u00e1vn\u00ed, \u00fa\u010detn\u00ed, da\u0148ov\u00e9 a organiza\u010dn\u00ed kroky, zahrnuj\u00edc\u00ed mimo jin\u00e9:\u00a0<\/span><\/p>\n<p><span style=\"font-weight: 400;\"><\/span><\/p>\n<ul>\n<li style=\"font-weight: 400;\" aria-level=\"1\"><span style=\"font-weight: 400;\">\u00a0poskytnut\u00ed osoby likvid\u00e1tora<\/span><\/li>\n<li style=\"font-weight: 400;\" aria-level=\"1\"><span style=\"font-weight: 400;\">\u00a0ozn\u00e1men\u00ed vstupu do likvidace \u017eivnostensk\u00e9mu \u00fa\u0159adu, finan\u010dn\u00edmu \u00fa\u0159adu, spr\u00e1v\u011b soci\u00e1ln\u00edho zabezpe\u010den\u00ed, zdravotn\u00edm poji\u0161\u0165ovn\u00e1m<\/span><\/li>\n<li style=\"font-weight: 400;\" aria-level=\"1\"><span style=\"font-weight: 400;\">sestaven\u00ed p\u0159ehledu jm\u011bn\u00ed ke dni vstupu do likvidace<\/span><\/li>\n<li style=\"font-weight: 400;\" aria-level=\"1\"><span style=\"font-weight: 400;\">zpracov\u00e1n\u00ed mimo\u0159\u00e1dn\u00e9 \u00fa\u010detn\u00ed z\u00e1v\u011brky ke dni p\u0159edch\u00e1zej\u00edc\u00edmu dni vstupu do likvidace, \u00fa\u010detn\u00ed z\u00e1v\u011brky v pr\u016fb\u011bhu likvidace a \u00fa\u010detn\u00ed z\u00e1v\u011brky\u00a0 ke dni ukon\u010den\u00ed likvidace<\/span><\/li>\n<li style=\"font-weight: 400;\" aria-level=\"1\"><span style=\"font-weight: 400;\">\u00a0zpracov\u00e1n\u00ed ve\u0161ker\u00fdch da\u0148ov\u00fdch p\u0159izn\u00e1n\u00ed a p\u0159ehled\u016f pro finan\u010dn\u00ed \u00fa\u0159ad\u00a0<\/span><\/li>\n<li style=\"font-weight: 400;\" aria-level=\"1\"><span style=\"font-weight: 400;\">projedn\u00e1n\u00ed zabezpe\u010den\u00ed archivu a dokument\u016f s p\u0159\u00edslu\u0161n\u00fdm st\u00e1tn\u00edm archivem<\/span><\/li>\n<li style=\"font-weight: 400;\" aria-level=\"1\"><span style=\"font-weight: 400;\">v\u00fdmaz spole\u010dnosti z obchodn\u00edho rejst\u0159\u00edku<\/span><\/li>\n<\/ul>\n<p>[\/et_pb_tab][\/et_pb_tabs][\/et_pb_column][\/et_pb_row][\/et_pb_section]<\/p>\n","protected":false},"excerpt":{"rendered":"<p>Na\u0161e slu\u017eby vystaven\u00ed prvotn\u00edch \u00fa\u010detn\u00edch doklad\u016f kontrola n\u00e1le\u017eitosti \u00fa\u010detn\u00edch doklad\u016f a jejich likvidace veden\u00ed v\u0161ech z\u00e1konem stanoven\u00fdch \u00fa\u010detn\u00edch knih a evidenc\u00ed evidence majetku a z\u00e1sob zpracov\u00e1n\u00ed v\u00fdkazu zisk\u016f a ztr\u00e1t a rozvahy kontrola \u00fahrad p\u0159ijat\u00fdch a vydan\u00fdch faktur v\u010detn\u011b vyhotoven\u00ed upom\u00ednek v n\u00e1vaznosti na \u00fa\u010detnictv\u00ed (podvojn\u00e9 \u00fa\u010detnictv\u00ed) zpracov\u00e1n\u00ed \u0159\u00e1dn\u00e9 a mimo\u0159\u00e1dn\u00e9 \u00fa\u010detn\u00ed z\u00e1v\u011brky\u00a0 zpracov\u00e1n\u00ed p\u0159izn\u00e1n\u00ed [&hellip;]<\/p>\n","protected":false},"author":2,"featured_media":0,"parent":0,"menu_order":0,"comment_status":"closed","ping_status":"closed","template":"","meta":{"_et_pb_use_builder":"on","_et_pb_old_content":"","_et_gb_content_width":"","footnotes":""},"class_list":["post-60","page","type-page","status-publish","hentry"],"_links":{"self":[{"href":"https:\/\/www.ac-s.cz\/index.php\/wp-json\/wp\/v2\/pages\/60","targetHints":{"allow":["GET"]}}],"collection":[{"href":"https:\/\/www.ac-s.cz\/index.php\/wp-json\/wp\/v2\/pages"}],"about":[{"href":"https:\/\/www.ac-s.cz\/index.php\/wp-json\/wp\/v2\/types\/page"}],"author":[{"embeddable":true,"href":"https:\/\/www.ac-s.cz\/index.php\/wp-json\/wp\/v2\/users\/2"}],"replies":[{"embeddable":true,"href":"https:\/\/www.ac-s.cz\/index.php\/wp-json\/wp\/v2\/comments?post=60"}],"version-history":[{"count":5,"href":"https:\/\/www.ac-s.cz\/index.php\/wp-json\/wp\/v2\/pages\/60\/revisions"}],"predecessor-version":[{"id":221,"href":"https:\/\/www.ac-s.cz\/index.php\/wp-json\/wp\/v2\/pages\/60\/revisions\/221"}],"wp:attachment":[{"href":"https:\/\/www.ac-s.cz\/index.php\/wp-json\/wp\/v2\/media?parent=60"}],"curies":[{"name":"wp","href":"https:\/\/api.w.org\/{rel}","templated":true}]}}